p + r = -2077. What are the prime factors of p?
3, 59
Suppose 2*x + 35 = -g, 0 = 5*g - 2*g - 4*x + 55. Let f = g + 28. Suppose -f*y - 15 + 222 = 0. List the prime factors of y.
3, 23
Suppose -8*l + 6 = -6*l + 2*q, -4*l + 3*q = -12. What are the prime factors of ((-2)/l)/((-30)/15975)?
5, 71
Suppose 10*h - 3602 - 1248 = 0. Let a = h + -253. What are the prime factors of a?
2, 29
Let h = -127 - -134. Suppose -h*p = -p - 48. Suppose -p*c - 102 = -j - 6*c, c + 474 = 5*j. List the prime factors of j.
2, 47
Let u = -22677 - -42391. List the prime factors of u.
2, 9857
Suppose 197*n - 168*n = 348971 + 332703. List the prime factors of n.
2, 7, 23, 73
Let m(i) = 4*i - 9*i**2 + 16*i**2 + 7*i**3 + 6 - 2*i**3 + i**3. Let g be m(-5). Let l = -388 - g. List the prime factors of l.
3, 67
Let x(a) be the third derivative of -7*a**5/120 - a**4/6 - 19*a**3/6 - 20*a**2. Let y(i) be the first derivative of x(i). List the prime factors of y(-17).
5, 23
Suppose -13*r + 4786 = -2*r - 57936. List the prime factors of r.
2, 2851
Let r(w) = 8*w**3 - 4*w**2 + 33*w - 109. What are the prime factors of r(4)?
3, 157
Let f(p) = 11*p**3 - 12*p**2 + 19*p + 4. What are the prime factors of f(9)?
2, 23, 157
Suppose -p + 35 = 5*x, -2*p - 6*x + 2*x = -58. Suppose -5*v + p = -0*v. Suppose 2*j - v*h - 106 = -2, 3*h = -2*j + 72. What are the prime factors of j?
2, 3, 7
Suppose -6*u = -u, u + 390 = 3*t. Let i be (-26)/t + (-15692)/(-10). Suppose -i = -10*f + 661. What are the prime factors of f?
223
Let o(g) = -g + 3*g**2 - 31*g**2 + 22*g**2 - 1 + 18*g**2 - g. Let j(f) = f + 7. Let a be j(-5). List the prime factors of o(a).
43
Suppose 0 = -6*x - 30. Let i(q) = -121*q + 39. What are the prime factors of i(x)?
2, 7, 23
Let q(v) = v**3 + 11*v**2 - 24*v - 9. Let k be q(-7). Let a = -197 + k. List the prime factors of a.
2, 79
Let x = 457 + -451. Suppose x*t - 25 = -5*r + 7*t, -5*t - 29 = -r. List the prime factors of r.
2
Suppose -6*c - 23 + 89 = 0. Suppose l - f - 1 = 0, 7*l + 4*f - c = 6*l. Suppose -l*v - 2*g = -380, -5*g + 0 = -5. What are the prime factors of v?
2, 3, 7
Let g = 58 - 58. Suppose 2*f - 2*j + 6 = g, -2*j = -4*f - 17 - 1. Let c(q) = -9*q + 12. List the prime factors of c(f).
2, 3, 11
List the prime factors of 16151 + -4 - (-40)/(-40).
2, 3, 13, 23
Suppose -6086 = -4*f - 17922. Let z = -1561 - f. What are the prime factors of z?
2, 3, 233
List the prime factors of (2523/(-203) + 13)/(2/(-602511)*-3).
2, 13, 2207
Let c = -2970 - -7455. What are the prime factors of c?
3, 5, 13, 23
Let o(v) = v**3 + 9*v**2 - 10*v - 29. Let b be o(-10). Let u = 5 + b. Let l = u - -95. What are the prime factors of l?
71
Suppose -3*w + g + 1677 = -g, 0 = 4*w + 5*g - 2213. Let h = -102 + w. List the prime factors of h.
5, 7, 13
Let i(x) = 25*x + 277. Let t be i(-8). Suppose -27 = -n + 7. Let u = n + t. What are the prime factors of u?
3, 37
Let f(g) = -561*g**2 + 14*g - 28. Let t be f(-9). What are the prime factors of 3 - (4/(-22) + t/121)?
2, 5, 19
Suppose 16 = 7*c + 128. Let k(v) = -v**2 - 16*v + 4. Let g be k(c). Suppose 9 = 3*t, -2*a + 80 = 2*a - g*t. What are the prime factors of a?
23
Suppose -35*s = -13*s - 154. Suppose -3*g - s*q + 2052 = -5*q, -3*q = -4*g + 2753. List the prime factors of g.
2, 7
Let m = -12269 - -31025. What are the prime factors of 4 + m/32 + (-1)/8?
2, 5, 59
Suppose -2*d - 85 = -83. List the prime factors of -1 - -147 - (1 + -2 + d).
2, 37
Let p = -6523 + 15733. List the prime factors of p.
2, 3, 5, 307
Let r be (-144)/(-15) - 4/(-10). Let s(f) = 153 - 3*f - 10*f + r*f. What are the prime factors of s(0)?
3, 17
Let j = -14 - -16. Suppose 2*h - v = -3*h + 450, 0 = j*h + v - 187. Let t = -11 + h. What are the prime factors of t?
2, 5
Let r be 3/(-9)*(1 - -17). Let q be (2/r)/((-2)/18). Suppose q*g + 3*x - 606 = 0, 0*g = -3*g + 4*x + 592. What are the prime factors of g?
2, 5
Let y = 324 + 48. Let o = y - 82. List the prime factors of o.
2, 5, 29
Suppose -465137 - 125066 = -45*d + 272807. What are the prime factors of d?
2, 43, 223
Let d(h) = -59*h + 146 - 176 + 32*h + 3*h**2. What are the prime factors of d(14)?
2, 3, 5
Let o(l) = -65*l + 5. Let v(d) = -195*d + 13. Let a(s) = -17*o(s) + 6*v(s). List the prime factors of a(-2).
3, 41
Let f(q) = -41*q + 97. Let w(d) = 8*d - 19. Let p(j) = -2*f(j) - 11*w(j). Let l(i) = -10*i**2 + i - 1. Let z be l(1). What are the prime factors of p(z)?
3, 5
Let a(o) = 2*o**3 - 9*o**2 + 8*o - 15. Let p be a(7). Let n = 442 - p. Let m = n + -83. What are the prime factors of m?
73
Suppose 4*p = 152 - 116. Let x(w) = w**3 + 4*w**2 - 4*w + 26. List the prime factors of x(p).
7, 149
Suppose -33*r + 85837 + 31016 = 0. What are the prime factors of r?
3541
Suppose -42*r - 14300 = -55*r. Suppose y + 421 = r. What are the prime factors of y?
7, 97
Suppose 102 = 2*a + 15*a. What are the prime factors of ((-36)/(-7) - a)/(1/(-7))?
2, 3
Suppose 2*l = -5*l + 28. Suppose 0 = 3*w + 3*q + 63 + 84, 0 = w - l*q + 24. Let y = w - -164. What are the prime factors of y?
2, 3, 5
Let q(p) = -133*p**2 - 3*p + 1518. What are the prime factors of q(0)?
2, 3, 11, 23
Let i(n) = 3223*n + 4167. List the prime factors of i(11).
2, 5, 7, 283
Let i = 147119 - 95697. List the prime factors of i.
2, 7, 3673
Let j = -43260 + 109612. What are the prime factors of j?
2, 11, 13, 29
Suppose -82*x + 87*x - 5*f = 29765, 2*x + 2*f = 11910. What are the prime factors of x?
2, 13, 229
Let t(g) = -149*g + 11. Let x be t(-11). Suppose -x = -9*a + 20*a. Let n = 282 + a. List the prime factors of n.
2, 3, 11
Let z(b) be the second derivative of 5*b**4/6 - b**3/3 - b**2 + 15*b + 3. List the prime factors of z(4).
2, 3, 5
Let y(i) = i + 27. Let h be y(-16). Suppose 0*n = -2*n + r + h, -5*r - 25 = -4*n. List the prime factors of n.
5
Suppose 5*o + 185*o - 458290 = 5036890. List the prime factors of o.
2, 14461
List the prime factors of 964/8*(-276)/(-6).
23, 241
Let b = -2105 + 555. Let m be (-36)/8 - -3 - b/4. Let j = -257 + m. What are the prime factors of j?
3, 43
Suppose -2791 + 20571 = 7*x. Suppose -i = 4*i - x. List the prime factors of i.
2, 127
Suppose 2*a = -3*o + 199603, 9*a + 66525 = o + 12*a. List the prime factors of o.
3, 7393
Let u = 18145 + -12240. List the prime factors of u.
5, 1181
List the prime factors of (-438)/(-584) + (-15393)/(-4).
3, 1283
Suppose -297*z + 293*z = -8. List the prime factors of (13/((-260)/552))/(z/(-20)).
2, 3, 23
Suppose 38*x + 27*x = -x + 1459260. List the prime factors of x.
2, 3, 5, 11, 67
Let o(t) = -2*t - 12. Let l be o(-9). Suppose -3*g + 36 = 2*j, -5*g + l = -14. Suppose -j*q - 1514 = -4838. What are the prime factors of q?
277
Suppose 3065*o = 3061*o - 5*y + 107022, 3*o - y = 80276. List the prime factors of o.
2, 17, 787
Suppose -439324 - 355961 = -27*u. What are the prime factors of u?
5, 43, 137
Let a be (-32)/((18/(-69))/3). Suppose 2*l - 160 = a. Let h = l + -135. List the prime factors of h.
3, 43
Let f be ((-62)/(-6))/(2*4/24). Suppose -f*w - 228 = -34*w. List the prime factors of w.
2, 19
Let m = 22243 - 15684. List the prime factors of m.
7, 937
Let c(m) = -m**3 + 12*m**2 + 9*m - 2. Let p(z) = z**3 - 12*z**2 + 29*z - 12. Let a be p(9). List the prime factors of c(a).
2, 67
Suppose 4*h = -k - 12, 0 - 14 = 5*k - 3*h. Let p = 2 - k. Suppose p + 21 = t. What are the prime factors of t?
3
Let z be -2*-1*(-1 - 15/(-6)). Suppose z*y - 265 = -4*d, -198 = -3*y + d + 47. Suppose 3*s - 263 = -y. List the prime factors of s.
2, 3, 5
Suppose o - 1372 = 5*k, -5*o - 6818 = -10*o + 4*k. List the prime factors of o.
2, 3, 227
What are the prime factors of ((-65500)/(-400))/(2/96)?
2, 3, 5, 131
Suppose 2*a - 1130 - 156 = -2*m, 4*a + 1286 = 2*m. Let s be (-8043)/24 - 41/(-328). Let o = s + m. List the prime factors of o.
2, 7, 11
Suppose 50 = 4*l + 2*n, -4*l - 2*n - n = -49. Let w(b) = 53*b + 5 + 20 - 45 + l*b. What are the prime factors of w(4)?
2, 61
Suppose -f - 3*m = 2*m - 10, 2*f - m = 64. Suppose -32*h - 12 = -f*h. List the prime factors of (-4 - (-331)/2) + 3/h.
7, 23
Let r = -5562 + 16771. What are the prime factors of r?
11, 1019
Suppose 484*i = 70*i + 23432400. List the prime factors of i.
2, 5, 283
Suppose -5*n + i + 4 = 0, 0 = -3*n + 5*i - 11 + 31. Let a be n - (-8)/4*1. Suppose 2*c + 4*v = a*v + 54, -33 = -c - 3*v. What are t